 Suppose 19*p = -7*p + l. What is g(p)?
1
Let d(h) = -7*h**2 - 170*h - 171. Let p(f) = 8*f**2 + 194*f + 171. Let u(g) = -7*d(g) - 6*p(g). Calculate u(-12).
3
Let w(g) = -g**3 + g**2 - g + 15. Suppose -286 + 291 = 5*n. Suppose -v + n = 5*j, -5*v = 5*j - 10*j - 5. What is w(j)?
15
Suppose -3*u + 0*x - 4*x - 72 = 0, 5*u + 103 = -x. Let d be ((-30)/u)/((-4)/6)*-4. Let n(t) = -t**3 + 9*t**2 - 7. What is n(d)?
-7
Let w(q) = -37*q + 13. Let o(g) = -22*g + 8. Let c(d) = 5*o(d) - 3*w(d). Let p be (4/(-3))/(2/12). What is c(p)?
-7
Let o(n) = -3*n**2 + 10*n - 13. Let u = -3321 - -3323. Calculate o(u).
-5
Let v(d) = -10*d - 6. Let z be 2 - 8 - (-8 + (-13)/(39/(-12))). Determine v(z).
14
Let o = 3738 - 3735. Let q(d) = -d**3 - d**2 + d + 5. Let r be q(0). Let l(w) = w + 1. Let s(k) = 2*k + 9. Let x(f) = r*l(f) - s(f). Determine x(o).
5
Let j(m) = 16*m**2 - 20*m + 364. Let s(z) = 5*z**2 - 6*z + 127. Let d(l) = 6*j(l) - 17*s(l). Give d(2).
33
Let j(f) = -3*f + 26. Let p be (-1 + 2)/(3/24 - 0). Calculate j(p).
2
Suppose b - 13*b - 66 = -34*b. Let i(y) = 7*y**3 - 3*y**2 + 4*y - 3. Let k(d) = -6*d**3 + 3*d**2 - 4*d + 3. Let j(m) = 4*i(m) + 5*k(m). Give j(b).
-36
Let t = 17 + 50. Let o(w) = 0*w - 1 + t*w**2 - 68*w**2 - 2*w. What is o(-5)?
-16
Let h = 41 + -38. Let y(c) = 13 - 12 + 4*c**3 + 2*c - 2*c**h + 3*c**3 - c. Calculate y(2).
43
Suppose 66 = 3*n - 26*a, 0 = 45*a - 44*a + 3. Let y(s) = -s**2 - 2 - 7 - 4*s + 0*s**2 + 3. Calculate y(n).
-6
Suppose 3*u + 5*w = 2, 8 + 34 = 3*u - 3*w. Let a(j) = -j**3 + 10*j**2 - 13*j + 18. Calculate a(u).
-18
Let f(y) = -7*y**2 + 2*y - 20. Let o(h) = 30*h**2 - 9*h + 80. Let z(p) = -13*f(p) - 3*o(p). Suppose -2*t = v, -3*v = 3*t - 7*t. Calculate z(t).
20
Let k(a) be the second derivative of -a**4/12 + 16*a**3/3 - 199*a**2/2 - 1028*a. Give k(23).
8
Suppose -14 = -17*w + 88. Let c(q) = -25*q**3 + 7 + 21*q**3 + w*q**2 + 3*q**3 - 3*q. Let x = -32 + 38. Calculate c(x).
-11
Let a = 1303 + -1303. Let u(i) be the third derivative of 0*i + 1/2*i**3 - 10*i**2 + 7/24*i**4 + a + 1/60*i**5. Give u(-4).
-9
Let a = 4 - -22. Let k = a + -15. Let u = k + -14. Let v(m) = -2*m**3 - 3*m**2 + m - 4. Give v(u).
20
Let o(i) = -i**2 + 8*i + 4. Let n be -46 - (4 - (3 - (3 - 1))). Let b = 58 + n. Determine o(b).
-5
Let s(z) = 6*z + 224. Let b(h) = -h**2 - 42*h - 252. Let v be b(-36). Give s(v).
8
Let r(j) = j**2 - 10*j + 12. Suppose -14*d + 69 = -15. Suppose -d*l + 355 = 307. Determine r(l).
-4
Suppose -9 = 3*o, 6*m - m + 18 = -o. Let n(l) = -3*l**2. Let b(j) = 4*j**2 + 4. Let t(k) = -b(k) - n(k). What is t(m)?
-13
Suppose 0 = -5*j + 5*s - 6 + 11, 11 = 5*j - 2*s. Let g(h) be the first derivative of 74 - h**3 + 1/4*h**4 - h - h**2. Give g(j).
-7
Let z(o) = -o**2 + 11*o + 21. Let n(f) = -f**2 + 11*f + 25. Let v(p) = -4*n(p) + 5*z(p). Let r = -8 - -41. Suppose 3*a - r = -0*a. What is v(a)?
5
Let c(k) = -7*k**2 - 33*k**3 - 2*k - 4 + 34*k**3 - 3*k + 11*k + k. Suppose -24 = -0*g - 4*g. Give c(g).
2
Let o(r) = 2*r**3 + 19*r**2 - 32*r + 17. Let v be (-561)/68*36/27. Give o(v).
6
Let l be (4 - 3)*1 + 17. Let m be 1/((-3)/l*-3). Let j(t) = t - 3*t**2 + 25 - 35 + 2*t**m. Calculate j(0).
-10
Suppose -5*j - 6 = -5*q - j, j + 3 = 2*q. Let m be (-4)/(-3) + q/24*8. Let t(x) = -5*x**2 + 3*x + 6*x**2 - 2*x**m + 5*x. Calculate t(6).
12
Let a(o) = -o**2 + 7*o + 7. Let p(z) = z**3 + 25*z**2 + 23*z - 17. Let l be p(-24). Suppose 38 = 5*m - l. Determine a(m).
-11
Let g(v) be the third derivative of v**4/24 + v**3/2 + 10902*v**2. Let f = 0 - -3. Suppose 2*w - f*q + 6 = 0, 5*w = -5*q - 6 - 9. Give g(w).
0
Let j(b) be the second derivative of 0 + 5/3*b**3 + 1/20*b**5 - 3/4*b**4 - 4*b**2 - 5*b. Let q be 4/1 + (4 + 0)*1. Give j(q).
8
Let p be ((-3)/((-18)/(-202)))/(1/(-3)). Suppose 3*a + 86 = p. Suppose 0 = 5*s + 4*l + 1, -2*s - 2*l - 5 = -a*l. Let u(f) = 11*f + 1. Determine u(s).
-10
Let z(f) = 3*f**2 - 62*f + 1. Let a(y) = 6*y**2 - 155*y + 3. Let s(o) = -2*a(o) + 5*z(o). Let w be (-18)/22 - (-2)/(-11). What is s(w)?
2
Let x be (0 - -4)*(-10)/(-4). Let o(n) = -6*n + 47 + x*n - 49 + n**2. Let y(i) = -i**3 - 4*i**2 + 2*i + 5. Let b be y(-4). What is o(b)?
-5
Let o(s) = 4*s**2 - 59*s - 12. Let a be o(15). Let f(z) = a*z - 4 - 122*z**2 - 5*z + 121*z**2. What is f(-4)?
-12
Let o be (8/(-5))/(1806/360 - 5). Let h be (72/o)/((-6)/8). Let l(y) = -5*y - 4. What is l(h)?
-9
Let i(y) = -y**2 + 12*y - 8. Suppose -14*x - 80 = 6*x - 28*x. What is i(x)?
12
Let n(j) = -4*j - 61. Suppose 81*s - 78*s + 51 = 0. Give n(s).
7
Let z(x) be the first derivative of x**3/3 + x**2/2 + 5*x - 1897. Let i = -1 - -3. Suppose 0 = -0*g - i*g. Determine z(g).
5
Let m(r) = 2 - 21 - 43 + 3*r**2 - 2*r**2 + 31*r. Let o be m(-33). Let f(i) = -i**3 + 4*i**2 + 2*i - 4. Give f(o).
4
Let z(j) be the first derivative of j**5/20 + 5*j**4/12 - 2*j**3/3 - 2*j**2 + 229*j + 117. Let d(u) be the first derivative of z(u). Determine d(-5).
16
Let a(p) = 2*p - 23994 + 24010 - p. Suppose 54 = -0*i - 3*i. Calculate a(i).
-2
Let i(l) = 2*l + 50. Let o be i(-9). Let m(p) = o - p**3 + 7*p**2 - 6*p - 19 - 8. Give m(6).
5
Let i(b) be the second derivative of b**4/6 + 6*b**3 - 37*b**2 - b - 938. Give i(-20).
6
Let s(d) = 0 - 1 + 2*d - 2*d**2 + 4. Suppose -3*i + 2 = -16*z - 24, i = -4*z - 10. Calculate s(i).
-9
Let r(l) = l - 13. Let a be r(14). Let t(s) be the first derivative of 37*s**3/3 + s - 1142. Calculate t(a).
38
Let a(x) = -2*x**2 - x**3 + 2 - 874*x + 869*x + 10*x**2. Determine a(8).
-38
Let l(k) be the second derivative of -2*k**3 - 43*k**2 + 1067*k. Determine l(-7).
-2
Let z(q) = 4 + 0*q - 3 + q + 0. Let m = -125 + 130. Suppose -2*p + 7 = -2*h + 15, m*h - 20 = 3*p. What is z(p)?
1
Suppose 7*k = 2*k + 10. Let o be k/7 - 132/(-28). Let a(x) = 37*x - 16. Let s(c) = -22*c + 9. Let b(v) = -3*a(v) - 5*s(v). Calculate b(o).
-2
Let v = -2032 + 2033. Let r(g) = 2*g**3 - 2*g**2 + 9*g + 3. Let s(t) = -t**3 + t**2 - 4*t - 1. Let h(u) = 2*r(u) + 5*s(u). Give h(v).
-1
Let c(a) = -4*a - 29. Let z(s) = -s - 7. Let o(t) = -t. Let g be o(-4). Let i(q) = g*c(q) - 18*z(q). Let d be -206*((-23)/(-26))/23 - 2/26. Determine i(d).
-6
Let w(b) = 2*b**2 + 14*b - 57. Let l be 290/45 - 292/657. What is w(l)?
99
Let b = 41 - 41. Suppose -9*v - 7*v + 5072 = b. Let s(h) = 626*h**2 - 308*h**2 - 2*h - v*h**2. Give s(0).
0
Let m(c) = 2*c - 1. Let i(d) be the first derivative of 6*d**3 + d**2 - d - 5. Let y(p) = -i(p) + 2*m(p). Determine y(1).
-17
Let f be (-12)/(-6) + -136 - 0/2. Let h = 149 + f. Let u(q) = -17 - h + 2*q + 21. Calculate u(9).
7
Let j(i) = -4*i + 4. Suppose 3*u = -u - 2*t + 202, 4*u - 197 = -t. Let d = u - 38. Let v = d + -3. What is j(v)?
-24
Let p(s) be the third derivative of s**6/120 + 7*s**5/60 - 7*s**4/24 - s**3/6 - 6*s**2 - 30. Let l be ((2/3)/(2/(-24)))/1. Determine p(l).
-9
Let u(y) be the third derivative of -y**4/24 + 20*y**3/3 + 6*y**2 - 2*y + 61. What is u(9)?
31
Let h(f) = 469*f - 2812. Let p be h(6). Let x(t) = -t**3 - 3*t**2 + 2*t + 2. Calculate x(p).
-14
Let n(o) = 34*o**3 - 2*o - 1. Let k be n(-1). Suppose 83*i + 1035 = 106*i + 138. Let j = i + k. Let z(s) = -2*s + 7. Give z(j).
-5
Suppose 4*m - 2*j - 14 = 0, -97*j = m - 98*j - 2. Let q = 21 - 14. Let i(z) = -z - 3*z - 3*z**2 - z**3 + 2*z**2 + q*z**2 - m. Give i(5).
0
Suppose -3*j - 22 = n, 3*n + 54 - 23 = -4*j. Let x(r) = -r**2 - 15*r - 63. Give x(j).
-7
Let k(t) = -14*t - 168. Let f be k(-13). Let d(w) = w**2 - 11*w - 20. Calculate d(f).
22
Let q be (-7)/(210/36)*90/27. Let o(i) = -i**2 - 2*i + 21. Give o(q).
13
Let z(k) = k**3 - 2*k**2 - 3*k - 5. Suppose 0 = 2*g - 3*b - 8, 0*g = 5*g + 5*b + 30. What is z(g)?
-15
Let r(f) = f**3 + 6*f**2 + 9*f + 11. Suppose -4*x + 66 = 86. Let m be -1*(8 + x + 2). What is r(m)?
-9
Suppose -96*y + 140*y + 176 = 0. Let o(l) = 11*l + 4. Let d(h) = -14*h - 4. Let s(g) = y*o(g) - 3*d(g). Determine s(6).
-16
Let x(g) = -3*g**2 + 17*g - 52. Let w(j) = -7*j**2 + 34*j - 110. Let y(a) = -2*w(a) + 5*x(a). What is y(17)?
-40
Let j be (-105)/36 + 26/8. Let k(i) be the third derivative of 11*i**2 + 0*i - 1/8*i**4 + 0 + 1/60*i**5 + j*i**3. Calculate k(5).
12
Suppose 51*q + 30 = 54*q. Let u(c) = -1 - 13*c + 3*c - 5 + 2 + q*c**2 - c**3. Calculate u(9).
-13
Let d(l) = l**2 + 6*l - 1. Let n be d(-5). Let v(k) = k**3 - 256*k + 0*k**3 - 254*k + 509*k + 6*k**2. 